{"version":"1.0","provider_name":"Faus Moliner","provider_url":"https:\/\/faus-moliner.com\/en\/","author_name":"Faus Moliner","author_url":"https:\/\/faus-moliner.com\/en\/author\/moon\/","title":"La investigaci\u00f3n cl\u00ednica en Atenci\u00f3n Primaria - Faus Moliner","type":"rich","width":600,"height":338,"html":"<blockquote class=\"wp-embedded-content\" data-secret=\"mLcMn6PXAx\"><a href=\"https:\/\/faus-moliner.com\/en\/la-investigacion-clinica-en-atencion-primaria\/\">La investigaci\u00f3n cl\u00ednica en Atenci\u00f3n Primaria<\/a><\/blockquote><iframe sandbox=\"allow-scripts\" security=\"restricted\" src=\"https:\/\/faus-moliner.com\/en\/la-investigacion-clinica-en-atencion-primaria\/embed\/#?secret=mLcMn6PXAx\" width=\"600\" height=\"338\" title=\"&#8220;La investigaci\u00f3n cl\u00ednica en Atenci\u00f3n Primaria&#8221; &#8212; Faus Moliner\" data-secret=\"mLcMn6PXAx\" frameborder=\"0\" marginwidth=\"0\" marginheight=\"0\" scrolling=\"no\" class=\"wp-embedded-content\"><\/iframe><script type=\"text\/javascript\">\n\/* <![CDATA[ *\/\n\/*! This file is auto-generated *\/\n!function(d,l){\"use strict\";l.querySelector&&d.addEventListener&&\"undefined\"!=typeof URL&&(d.wp=d.wp||{},d.wp.receiveEmbedMessage||(d.wp.receiveEmbedMessage=function(e){var t=e.data;if((t||t.secret||t.message||t.value)&&!\/[^a-zA-Z0-9]\/.test(t.secret)){for(var s,r,n,a=l.querySelectorAll('iframe[data-secret=\"'+t.secret+'\"]'),o=l.querySelectorAll('blockquote[data-secret=\"'+t.secret+'\"]'),c=new RegExp(\"^https?:$\",\"i\"),i=0;i<o.length;i++)o[i].style.display=\"none\";for(i=0;i<a.length;i++)s=a[i],e.source===s.contentWindow&&(s.removeAttribute(\"style\"),\"height\"===t.message?(1e3<(r=parseInt(t.value,10))?r=1e3:~~r<200&&(r=200),s.height=r):\"link\"===t.message&&(r=new URL(s.getAttribute(\"src\")),n=new URL(t.value),c.test(n.protocol))&&n.host===r.host&&l.activeElement===s&&(d.top.location.href=t.value))}},d.addEventListener(\"message\",d.wp.receiveEmbedMessage,!1),l.addEventListener(\"DOMContentLoaded\",function(){for(var e,t,s=l.querySelectorAll(\"iframe.wp-embedded-content\"),r=0;r<s.length;r++)(t=(e=s[r]).getAttribute(\"data-secret\"))||(t=Math.random().toString(36).substring(2,12),e.src+=\"#?secret=\"+t,e.setAttribute(\"data-secret\",t)),e.contentWindow.postMessage({message:\"ready\",secret:t},\"*\")},!1)))}(window,document);\n\/\/# sourceURL=https:\/\/faus-moliner.com\/wp-includes\/js\/wp-embed.min.js\n\/* ]]> *\/\n<\/script>\n","description":"La&nbsp;Atenci\u00f3n Primaria (AP)&nbsp;en Espa\u00f1a es un pilar fundamental en nuestro sistema sanitario. La labor que desempe\u00f1an las y los profesionales sanitarios en este \u00e1mbito es encomiable. Como muestra, el papel que han jugado en la reciente pandemia. No es mi intenci\u00f3n aqu\u00ed entrar en el debate sobre las cuestiones que seguro necesitan mejorarse en la... Read More"}

La investigación clínica en Atención Primaria - Faus Moliner

<blockquote class="wp-embedded-content" data-secret="mLcMn6PXAx"><a href="https://faus-moliner.com/en/la-investigacion-clinica-en-atencion-primaria/">La investigación clínica en Atención Primaria</a></blockquote><iframe sandbox="allow-scripts" security="restricted" src="https://faus-moliner.com/en/la-investigacion-clinica-en-atencion-primaria/embed/#?secret=mLcMn6PXAx" width="600" height="338" title="&#8220;La investigación clínica en Atención Primaria&#8221; &#8212; Faus Moliner" data-secret="mLcMn6PXAx" frameborder="0" marginwidth="0" marginheight="0" scrolling="no" class="wp-embedded-content"></iframe><script type="text/javascript">
/* <![CDATA[ */
/*! This file is auto-generated */
!function(d,l){"use strict";l.querySelector&&d.addEventListener&&"undefined"!=typeof URL&&(d.wp=d.wp||{},d.wp.receiveEmbedMessage||(d.wp.receiveEmbedMessage=function(e){var t=e.data;if((t||t.secret||t.message||t.value)&&!/[^a-zA-Z0-9]/.test(t.secret)){for(var s,r,n,a=l.querySelectorAll('iframe[data-secret="'+t.secret+'"]'),o=l.querySelectorAll('blockquote[data-secret="'+t.secret+'"]'),c=new RegExp("^https?:$","i"),i=0;i<o.length;i++)o[i].style.display="none";for(i=0;i<a.length;i++)s=a[i],e.source===s.contentWindow&&(s.removeAttribute("style"),"height"===t.message?(1e3<(r=parseInt(t.value,10))?r=1e3:~~r<200&&(r=200),s.height=r):"link"===t.message&&(r=new URL(s.getAttribute("src")),n=new URL(t.value),c.test(n.protocol))&&n.host===r.host&&l.activeElement===s&&(d.top.location.href=t.value))}},d.addEventListener("message",d.wp.receiveEmbedMessage,!1),l.addEventListener("DOMContentLoaded",function(){for(var e,t,s=l.querySelectorAll("iframe.wp-embedded-content"),r=0;r<s.length;r++)(t=(e=s[r]).getAttribute("data-secret"))||(t=Math.random().toString(36).substring(2,12),e.src+="#?secret="+t,e.setAttribute("data-secret",t)),e.contentWindow.postMessage({message:"ready",secret:t},"*")},!1)))}(window,document);
//# sourceURL=https://faus-moliner.com/wp-includes/js/wp-embed.min.js
/* ]]> */
</script>

La&nbsp;Atención Primaria (AP)&nbsp;en España es un pilar fundamental en nuestro sistema sanitario. La labor que desempeñan las y los profesionales sanitarios en este ámbito es encomiable. Como muestra, el papel que han jugado en la reciente pandemia. No es mi intención aquí entrar en el debate sobre las cuestiones que seguro necesitan mejorarse en la... Read More
